 - 1. Determine t(c).
15
Let g = 731 - 724. Let c(s) = -3*s + 11. Give c(g).
-10
Let a(t) = -t**2 + 2*t + 3. Suppose -533*v - 782 = 100*v + 484. Determine a(v).
-5
Let a(y) = 2*y - 20. Let u be a(13). Suppose -w + 3*j - 1 = u, -2*j + 2 = 0. Let v(x) = x**2 + 5*x - 1. What is v(w)?
-5
Let y(i) be the second derivative of 2*i**3 + 23*i**2 - 776*i. Calculate y(-4).
-2
Let z(b) = 11*b - 3. Let l(u) = -4 + 13*u - 3 + 5 - 5*u. Let o(y) = 7*l(y) - 5*z(y). Determine o(2).
3
Let w(l) = -11*l**2 + 0*l - 25 + 42*l**2 - l + 47 - 23. Give w(1).
29
Let v(m) be the third derivative of m**6/120 - 11*m**5/60 - 31*m**4/24 + 59*m**3/6 + 27*m**2 - 90*m. Determine v(13).
-6
Let s(l) = 2*l - 11. Let c(j) = 28*j - 5. Let h(z) = -141*z + 25. Let w(p) = 11*c(p) + 2*h(p). Let f be w(4). Suppose -3*g + f = 8*g. What is s(g)?
7
Let s(a) = a**3 + 9*a**2 + 18*a + 2. Let y be s(-6). Let i(r) = 2*r**2 - 23*r - r**3 + 7*r + 2 + 12*r + 0*r**3. Calculate i(y).
-6
Let y be 0 - (-1 + -2)*-3. Let f(u) = 0 - 13*u + 4 - 11 + 134313*u**2 - 134314*u**2. Determine f(y).
29
Let g(u) = -u**3 + 6*u**2 - 7*u + 22. Suppose 3*b - 15 = -2*k, 912*b + k - 10 = 910*b. Give g(b).
12
Let l(v) = -8 - 74*v + 187*v - 112*v. Let w(z) = 2*z**2 + 39*z + 24. Let a be w(-19). Determine l(a).
-3
Let s(g) = 5*g**2 + g + 13. Suppose -239*o - 42 = -218*o. Determine s(o).
31
Let v(t) = -95040 + 132*t + 95024 + t**2 - 131*t. Suppose 0*c - 4*c = 0. Calculate v(c).
-16
Let i be 3/(-4)*(-256)/24. Let x(p) = -3 - 11*p**2 + i + 25*p**2 - 22*p**2 - p**3 + 9*p. Determine x(-9).
5
Let f be (-13)/4 + 2 + 150/(-200). Let s be f/(-9) - 368/(-207). Let k(q) = 2*q**3 + q**2 - q. Determine k(s).
18
Suppose 0 = -0*f + 4*f - 2*h + 116, -3*h + 114 = -4*f. Let l = -56 + 23. Let y = f - l. Let n(d) = 2*d**2 - 2*d + 3. What is n(y)?
15
Let x = -810 - -815. Let f(h) = h + 5. Let c(p) = 1. Let i be (3/(-6))/((-2)/(-4)). Let w(t) = i*f(t) + 4*c(t). Calculate w(x).
-6
Let l be (256/2304 - 2/(-9))*3/(-1). Let h(f) = 4*f - 2. What is h(l)?
-6
Let k(f) = -25*f - 379. Let z be k(-15). Let r(n) = n**2 + 6*n + 6. What is r(z)?
-2
Let n = 10186 + -10188. Let g(f) = 3*f**3 - 4*f**2 - 2*f - 1. Give g(n).
-37
Let y(q) be the third derivative of -q**5/60 + q**4/24 + 17*q**2 + 12*q. Let m = -41 - -43. Let v be ((-4)/(-1))/((-2)/2*m). Calculate y(v).
-6
Let n(d) be the second derivative of -1/2*d**2 + 3/4*d**4 - 1/6*d**3 + 38*d + 0. Let s be (4/1 - 2)/(-2). Determine n(s).
9
Suppose 0 = b - 4*s + 36, 2*b = -5*s + 1194 - 1149. Let j(t) be the first derivative of t**3/3 - t**2/2 + 23*t - 1. Give j(b).
23
Suppose -633*q - 144 = 1755. Let v(n) = -5*n**2 - 3*n + 4. Calculate v(q).
-32
Suppose -20 = 2*a - 24. Let c(f) = -39*f + 15*f + 16*f + 9 + f**a. Calculate c(6).
-3
Let g(i) = -2*i + 2*i - 865 + 863 - i**2 - i. Determine g(-7).
-44
Let f be (-2700)/275 - (-4)/(-22). Let u(x) be the second derivative of x**4/12 + 11*x**3/6 + 9*x**2/2 + 2*x + 29. Give u(f).
-1
Let a(m) = -865*m - 79 + 29 + 870*m. Calculate a(8).
-10
Suppose 140*d - 133*d - 3227 = 0. Let l = d + -458. Let t(m) = m**2 - 5. Calculate t(l).
4
Suppose 4*a = 64 - 16. Let x be 424/a + 1/(-3). Suppose 0 = 5*s + 5*w - x, -3*s + 2*w = -w + 3. Let u(y) = y**3 - 2*y**2 - 2*y + 2. Calculate u(s).
5
Let u(g) = g**3 - g - 3. Let o(d) = -3*d**2 + 36*d - 26. Suppose 81*k - 88*k = -77. Let r be o(k). Suppose 2*m + r = -3*t - 5, -5*m + 3*t + 12 = 0. Give u(m).
-3
Let j(m) be the first derivative of -10*m + 5/2*m**2 - 77 + 8/3*m**3 + 1/4*m**4. Suppose -54 = 5*h - 19. Determine j(h).
4
Let s = 944 - 930. Let q(b) = b**2 - 14*b + 1. What is q(s)?
1
Let j be (-2)/4 - (-26)/(-4). Let f(s) = s**3 + 10*s**2 + 5*s + 12. Let p(k) = k**3 + 9*k**2 + 3*k + 9. Let x(h) = -2*f(h) + 3*p(h). Give x(j).
10
Let d(m) = -2*m**2 - 4*m - 3. Let o be d(-2). Let s(f) be the first derivative of 4*f + 1/3*f**3 + f**2 - 23. What is s(o)?
7
Suppose 199*s = 100*s + 1188. Let w(r) = r**2 - 11*r - 2. Calculate w(s).
10
Suppose 0 = -4*x + x + 6. Let j be (x - 3)*(0 - -1). Let b(g) be the second derivative of -g**3/3 + g**2/2 + 675902*g. What is b(j)?
3
Suppose -1 = g - 3*k, -3*k - 3 = -3*g - 12. Let y(u) = 2*u**2 + 8*u - 4. Let d be y(g). Let c(l) = 5*l - l**3 - 3*l - 4*l + 3*l + 2 - 4*l**2. Determine c(d).
-2
Let p(l) = 0 - 11*l**2 + 32 - 66 - 32*l + 28. Determine p(-3).
-9
Let b(j) = j**2 + 13*j + 4. Let d(i) = i**2 - 103*i + 833. Let v be d(9). What is b(v)?
4
Let y(j) = -2*j**2 + 3*j - 3. Suppose -66*d + 54*d + 756 = 0. Let h = -75 + 136. Let q = d - h. Give y(q).
-5
Let y(r) = -4*r**2 + 113*r - 529. Let v be y(6). Let p(g) = g**3 - 8*g**2 + 22*g - 17. What is p(v)?
18
Suppose -50*z + 151 = -15*z - 129. Let o(h) = 0 + 7*h**2 + 2*h**3 - 4 + 9*h - 3*h**3. Determine o(z).
4
Suppose -30*w - 5*p + 135 = -25*w, -5*w = 4*p - 127. Let q(c) = 2*c**2 - 38*c - 11. Determine q(w).
-11
Let y(f) = -21*f - 85. Let i be (3 - 1)/((-15)/30). Give y(i).
-1
Let o(t) = 9*t + 48. Let a = -16625 - -16610. What is o(a)?
-87
Let o(d) be the first derivative of 11*d**2 - 104*d - 9126. Give o(5).
6
Let a(s) = s**2 + 3*s + 12. Suppose -162*y + 166*y + 3*j + 27 = 0, 0 = y + j + 6. Determine a(y).
66
Let t(d) be the third derivative of -d**5/20 - 17*d**4/12 - 2*d**3 + 3*d**2 - 227*d. What is t(-11)?
-1
Let l = -5911 - -5913. Let f(y) be the second derivative of 0*y**l - 1/6*y**3 - 1/4*y**4 + 28*y + 1. What is f(-2)?
-10
Let u be 216/(-9)*(11/(-3) - -4). Let j(v) = v. Let l(o) = 8*o + 3. Let a(y) = -7*y - 3. Let s(m) = 4*a(m) + 3*l(m). Let t(x) = 5*j(x) + s(x). What is t(u)?
-11
Let o(v) be the second derivative of -v**3/6 + 63*v**2/2 - 33*v - 9. Give o(0).
63
Let s(a) be the first derivative of a**3/3 + a**2/2 - a - 482. What is s(2)?
5
Suppose -3*l - 2*l - 40 = -5*g, 2*l = -2*g + 32. Let d = -16 + g. Let m be (d/(-3))/(2/6). Let s(q) = q**3 - 4*q**2 - 2*q - 3. Determine s(m).
-11
Let q(t) be the second derivative of 2*t**3/3 + 13*t**2/2 - 1117*t. What is q(-7)?
-15
Let x(n) = 44 + 1 - 2 + 13*n - 38*n + 17. Give x(2).
10
Let w(r) be the first derivative of -r**4/4 - 9*r - 25. Let n(f) be the first derivative of w(f). Determine n(-1).
-3
Let x(p) = p**2 - 9*p - 37. Let m = -4988 + 5001. Calculate x(m).
15
Let i(k) = -192*k - 203*k + 807*k - 203*k - 195*k + 322. Give i(-23).
0
Let j = 67 + -37. Let c = j + -30. Let d(b) = c - 10*b - 1 + 9*b. What is d(3)?
-4
Suppose -37*x + 38*x = -3*p - 13, 0 = -x - 4. Let l(u) = 8*u + 15. What is l(p)?
-9
Let b(t) be the first derivative of -5*t**2/2 - 7*t + 4011. Let p(q) = 3*q + 3. Let o be p(-3). Calculate b(o).
23
Let f(x) = -4*x - 7. Let t(d) be the second derivative of d**5/20 + d**4/4 - 8*d**3/3 + 2*d**2 + 9*d - 5. Let q be t(-6). Calculate f(q).
25
Let m(y) = -8*y + 8. Let i = -5783 - -5779. Give m(i).
40
Let h(k) = -k - 4. Let q(i) = 15*i + 79. Let m(p) = -14*h(p) - q(p). Suppose 0 = -5*n + 20, b = 2*n + n - 25. Determine m(b).
-10
Let u(l) = -165*l**3 - 27*l - 165*l**3 + 490*l**3 - 7 - 161*l**3 - 27*l**2. Calculate u(-26).
19
Suppose -156*q - 209 = 1039. Let l(y) = 2*y**2 + 15*y - 2. Give l(q).
6
Let p(r) = 0*r + 0*r - r + 8. Let w be (1791/105 - 17) + 2/(-35). Determine p(w).
8
Let v(m) = -m**2 + 11*m - 4. Let o(j) = 3*j**2 - 1. Let l be o(-1). Suppose -b = -s + 10, -4*s + 0*b = l*b - 40. Give v(s).
6
Let g(y) = -y**2 + 4*y - 3. Let l(t) be the first derivative of -t**2/2 + 10*t - 78. Let z(o) = 7*o**2 + o + 1. Let h be z(-1). Let f be l(h). Determine g(f).
0
Let a be 2*(5 - (1 - -1)). Let d be (-20)/a*42/(-28). Let w(g) = 5 - 2*g + d*g - 6*g + g**2 - g. Determine w(6).
17
Let d(w) = -40*w + 115. Let l(v) = 42*v - 127. Let y(q) = 6*d(q) + 5*l(q). What is y(2)?
-5
Let c(f) be the third derivative of -f**6/120 - f**5/15 - f**4/4 - f**3/3 + 2282*f**2. Give c(-5).
53
Let g(t) be the first derivative of t**7/840 + t**6/36 - t**5/10 - 5*t**4/8 - 2*t**3/3 + 14*t**2 + 70. Let v(a) be the third derivative of g(a). What is v(-11)?
-4
Let s(y) = y**2 + 32*y + 40. Let m be (-1 - 1)*(-1209)/(-78). Determine s(m).
9
Let d(a) = a - 999 + 330 + 329 + 328. What is d(22)?
10
Let a(t) = -37*t - 4404 + 4404. What is a(1)?
-37
Let v(a) = 24*a + 8*a - 61*a**2 + 14997*a**3 - 64 - 14995*a**3. Give v(30).
-4
Suppose -5*a - 15*z = -10*z + 85, 7*a + 107 = -5*z. Let s(m) = m**2 + 12*m + 11. Give s(a).
0
Let w(p) be the second derivative o